 tens digit of 88658?
5
What is the hundreds digit of 745?
7
What is the units digit of 1059?
9
What is the units digit of 7752?
2
What is the units digit of 586?
6
What is the tens digit of 1486?
8
What is the tens digit of 868?
6
What is the units digit of 22605?
5
What is the tens digit of 52212?
1
What is the hundreds digit of 3550?
5
What is the tens digit of 190?
9
What is the hundreds digit of 80533?
5
What is the thousands digit of 20905?
0
What is the tens digit of 1324?
2
What is the hundreds digit of 1785?
7
What is the tens digit of 14214?
1
What is the units digit of 3405?
5
What is the units digit of 1518?
8
What is the tens digit of 590?
9
What is the ten thousands digit of 71158?
7
What is the tens digit of 20974?
7
What is the hundreds digit of 5276?
2
What is the thousands digit of 3236?
3
What is the thousands digit of 1247?
1
What is the hundreds digit of 489?
4
What is the ten thousands digit of 80111?
8
What is the tens digit of 1406?
0
What is the thousands digit of 74049?
4
What is the hundreds digit of 145?
1
What is the units digit of 253?
3
What is the tens digit of 1131?
3
What is the tens digit of 1229?
2
What is the units digit of 2007?
7
What is the ten thousands digit of 24229?
2
What is the tens digit of 346?
4
What is the ten thousands digit of 10495?
1
What is the units digit of 1782?
2
What is the tens digit of 977?
7
What is the thousands digit of 41095?
1
What is the ten thousands digit of 23355?
2
What is the tens digit of 8417?
1
What is the tens digit of 3875?
7
What is the thousands digit of 8647?
8
What is the hundreds digit of 694?
6
What is the ten thousands digit of 123553?
2
What is the ten thousands digit of 50638?
5
What is the units digit of 11545?
5
What is the thousands digit of 61685?
1
What is the hundreds digit of 3808?
8
What is the ten thousands digit of 47037?
4
What is the thousands digit of 18160?
8
What is the hundred thousands digit of 165451?
1
What is the units digit of 17115?
5
What is the tens digit of 9359?
5
What is the ten thousands digit of 31323?
3
What is the tens digit of 903?
0
What is the units digit of 984?
4
What is the tens digit of 9457?
5
What is the units digit of 32795?
5
What is the hundreds digit of 4072?
0
What is the tens digit of 1101?
0
What is the units digit of 81?
1
What is the thousands digit of 18721?
8
What is the units digit of 5730?
0
What is the tens digit of 10340?
4
What is the units digit of 903?
3
What is the hundreds digit of 517?
5
What is the thousands digit of 1667?
1
What is the ten thousands digit of 14435?
1
What is the hundreds digit of 1498?
4
What is the units digit of 1505?
5
What is the hundreds digit of 362?
3
What is the units digit of 935?
5
What is the units digit of 2944?
4
What is the tens digit of 59695?
9
What is the units digit of 2035?
5
What is the thousands digit of 27381?
7
What is the ten thousands digit of 13555?
1
What is the thousands digit of 15498?
5
What is the hundreds digit of 3479?
4
What is the ten thousands digit of 14304?
1
What is the hundreds digit of 1917?
9
What is the units digit of 3014?
4
What is the tens digit of 1001?
0
What is the hundreds digit of 12956?
9
What is the tens digit of 8478?
7
What is the thousands digit of 35860?
5
What is the units digit of 521?
1
What is the hundreds digit of 836?
8
What is the tens digit of 389?
8
What is the units digit of 2142?
2
What is the units digit of 575?
5
What is the tens digit of 259?
5
What is the tens digit of 90460?
6
What is the tens digit of 1946?
4
What is the thousands digit of 1331?
1
What is the ten thousands digit of 36013?
3
What is the units digit of 358?
8
What is the units digit of 2009?
9
What is the units digit of 6096?
6
What is the units digit of 81683?
3
What is the tens digit of 1872?
7
What is the tens digit of 8331?
3
What is the hundreds digit of 30336?
3
What is the units digit of 1087?
7
What is the hundreds digit of 129?
1
What is the hundreds digit of 829?
8
What is the units digit of 1240?
0
What is the hundred thousands digit of 126326?
1
What is the tens digit of 115?
1
What is the units digit of 13871?
1
What is the hundred thousands digit of 113109?
1
What is the hundreds digit of 8733?
7
What is the hundreds digit of 8467?
4
What is the units digit of 89967?
7
What is the tens digit of 34981?
8
What is the hundreds digit of 4123?
1
What is the units digit of 1066?
6
What is the ten thousands digit of 161411?
6
What is the hundreds digit of 46926?
9
What is the thousands digit of 1717?
1
What is the tens digit of 4885?
8
What is the ten thousands digit of 13693?
1
What is the tens digit of 3059?
5
What is the thousands digit of 1526?
1
What is the tens digit of 32899?
9
What is the tens digit of 1868?
6
What is the units digit of 9993?
3
What is the units digit of 88724?
4
What is the ten thousands digit of 32306?
3
What is the hundreds digit of 734?
7
What is the thousands digit of 1208?
1
What is the hundreds digit of 558?
5
What is the units digit of 490?
0
What is the hundreds digit of 2428?
4
What is the units digit of 7557?
7
What is the units digit of 664?
4
What is the hundreds digit of 8469?
4
What is the units digit of 2693?
3
What is the thousands digit of 4671?
4
What is the hundreds digit of 1325?
3
What is the hundreds digit of 2299?
2
What is the tens digit of 2857?
5
What is the units digit of 3385?
5
What is the hundreds digit of 76772?
7
What is the hundreds digit of 1174?
1
What is the tens digit of 3227?
2
What is the units digit of 10125?
5
What is the thousands digit of 110327?
0
What is the tens digit of 3177?
7
What is the units digit of 1326?
6
What is the tens digit of 3219?
1
What is the tens digit of 169?
6
What is the tens digit of 1378?
7
What is the units digit of 7852?
2
What is the ten thousands digit of 69852?
6
What is the tens digit of 668?
6
What is the hundreds digit of 6510?
5
What is the thousands digit of 2009?
2
What is the ten thousands digit of 13512?
1
What is the tens digit of 257?
5
What is the units digit of 2707?
7
What is the tens digit of 1867?
6
What is the units digit of 740?
0
What is the hundreds digit of 7710?
7
What is the units digit of 10593?
3
What is the tens digit of 2834?
3
What is the tens digit of 37275?
7
What is the tens digit of 993?
9
What is the ten thousands digit of 45753?
4
What is the thousands digit of 19312?
9
What is the thousands digit of 13878?
3
What is the tens digit of 8540?
4
What is the hundreds digit of 549?
5
What is the units digit of 943?
3
What is the tens digit of 21787?
8
What is the thousands digit of 29483?
9
What is the tens digit of 6213?
1
What is the thousands digit of 3686?
3
What is the thousands digit of 5088?
5
What is the units digit of 7742?
2
What is the units digit of 58850?
0
What is the tens digit of 154?
5
What is the units digit of 748?
8
What is the thousands digit of 2295?
2
What is the tens digit of 3688?
8
What is the units digit of 3024?
4
What is the hundreds digit of 18774?
7
What is the ten thousands digit of 39991?
3
What is the ten thousands digit of 89501?
8
What is the tens digit of 828?
2
What is the hundreds digit of 25728?
7
What is the ten thousands digit of 18889?
1
What is the tens digit of 271?
7
What is the tens digit of 15388?
8
What is the tens digit of 5721?
2
What is the tens digit of 448?
4
What is the units digit of 6884?
4
What is the hundreds digit of 41601?
6
What is the tens digit of 23716?
1
What is the hundreds digit of 5149?
1
What is the thousands digit of 2534?
2
What is the hundreds digit of 264?
2
What is the hundreds digit of 148053?
0
What is the hundreds digit of 9581?
5
What is the hundreds digit of 45076?
0
What is the thousands digit of 2627?
2
What is the tens digit of 5980?
8
What is the hundreds digit of 4009?
0
What is the hundreds digit of 1065?
0
What is the thousands digit of 20798?
0
What is the ten thousands digit of 10105?
1
What is the units digit of 17526?
6
What is the units digit of 8304?
4
What is the tens digit of 1699?
9
What is the units digit of 759?
9
What is the ten thousands digit of 50974?
5
What is the thousands digit of 2495?
2
What is the hundreds digit of 80775?
7
What is the thousands digit of 5863?
5
What is the tens digit of 127238?
3
Wh